{"id":246,"date":"2021-03-02T14:40:17","date_gmt":"2021-03-02T14:40:17","guid":{"rendered":"https:\/\/radiosantacruzfm.com\/?page_id=246"},"modified":"2021-03-02T15:18:49","modified_gmt":"2021-03-02T15:18:49","slug":"comparticion-de-infraestructura","status":"publish","type":"page","link":"https:\/\/radiosantacruzfm.com\/index.php\/comparticion-de-infraestructura\/","title":{"rendered":"Compartici\u00f3n de Infraestructura"},"content":{"rendered":"<p>[et_pb_section fb_built=\u00bb1&#8243; _builder_version=\u00bb4.8.2&#8243; _module_preset=\u00bbdefault\u00bb][et_pb_row _builder_version=\u00bb4.8.2&#8243; _module_preset=\u00bbdefault\u00bb][et_pb_column type=\u00bb4_4&#8243; _builder_version=\u00bb4.8.2&#8243; _module_preset=\u00bbdefault\u00bb][et_pb_text _builder_version=\u00bb4.8.2&#8243; _module_preset=\u00bbdefault\u00bb]<\/p>\n<h1 style=\"text-align: center;\">Compartici\u00f3n de infraestructura<br \/>Radio Santa Cruz Fm<\/h1>\n<p>&nbsp;<\/p>\n<p><strong>Seg\u00fan oficion Nro. ARCOTEL-CCON-2017-09 17 -OF\/Quito, D.M.,16 de octubre de 2017<\/strong><\/p>\n<p>Asunto: CDI \u2013 PUBLICACI\u00d3N EN P\u00c1GINA WEB DE CADA PRESTADOR DE SERVICIOS DEL R\u00c9GIMEN GENERAL DE TELECOMUNICACIONES, SOBRE LAS OFERTAS B\u00c1SICAS DE COMPARTICI\u00d3N DE INFRAESTRUCTURA F\u00cdSICA CONFORME LA RESOLUCI\u00d3N ARCOTEL \u2013 2017 \u2013 0807.<\/p>\n<p>Radio Santa Cruz 88.7FM cumple con los requerimientos, el costo de compartici\u00f3n de infraestructura es de USD 360,00 d\u00f3lares americanos.<\/p>\n<p>[\/et_pb_text][\/et_pb_column][\/et_pb_row][et_pb_row _builder_version=\u00bb4.8.2&#8243; _module_preset=\u00bbdefault\u00bb column_structure=\u00bb1_3,1_3,1_3&#8243;][et_pb_column _builder_version=\u00bb4.8.2&#8243; _module_preset=\u00bbdefault\u00bb type=\u00bb1_3&#8243;][et_pb_image src=\u00bbhttps:\/\/radiosantacruzfm.com\/wp-content\/uploads\/2021\/03\/estudios-radio-santa-cruz-fm.jpeg\u00bb _builder_version=\u00bb4.8.2&#8243; _module_preset=\u00bbdefault\u00bb title_text=\u00bbestudios radio santa cruz fm\u00bb align=\u00bbcenter\u00bb hover_enabled=\u00bb0&#8243; sticky_enabled=\u00bb0&#8243;][\/et_pb_image][\/et_pb_column][et_pb_column _builder_version=\u00bb4.8.2&#8243; _module_preset=\u00bbdefault\u00bb type=\u00bb1_3&#8243;][et_pb_image src=\u00bbhttps:\/\/radiosantacruzfm.com\/wp-content\/uploads\/2021\/03\/antenas-radio-santa-cruz-fm.jpeg\u00bb _builder_version=\u00bb4.8.2&#8243; _module_preset=\u00bbdefault\u00bb title_text=\u00bbantenas radio santa cruz fm\u00bb align=\u00bbcenter\u00bb hover_enabled=\u00bb0&#8243; sticky_enabled=\u00bb0&#8243;][\/et_pb_image][\/et_pb_column][et_pb_column _builder_version=\u00bb4.8.2&#8243; _module_preset=\u00bbdefault\u00bb type=\u00bb1_3&#8243;][et_pb_image src=\u00bbhttps:\/\/radiosantacruzfm.com\/wp-content\/uploads\/2021\/03\/estudio-2-radi-santa-cruz-fm.jpeg\u00bb _builder_version=\u00bb4.8.2&#8243; _module_preset=\u00bbdefault\u00bb title_text=\u00bbestudio 2 radi santa cruz fm\u00bb align=\u00bbcenter\u00bb hover_enabled=\u00bb0&#8243; sticky_enabled=\u00bb0&#8243;][\/et_pb_image][\/et_pb_column][\/et_pb_row][\/et_pb_section]<\/p>\n","protected":false},"excerpt":{"rendered":"<p>Compartici\u00f3n de infraestructuraRadio Santa Cruz Fm &nbsp; Seg\u00fan oficion Nro. ARCOTEL-CCON-2017-09 17 -OF\/Quito, D.M.,16 de octubre de 2017 Asunto: CDI \u2013 PUBLICACI\u00d3N EN P\u00c1GINA WEB DE CADA PRESTADOR DE SERVICIOS DEL R\u00c9GIMEN GENERAL DE TELECOMUNICACIONES, SOBRE LAS OFERTAS B\u00c1SICAS DE COMPARTICI\u00d3N DE INFRAESTRUCTURA F\u00cdSICA CONFORME LA RESOLUCI\u00d3N ARCOTEL \u2013 2017 \u2013 0807. Radio Santa Cruz [&hellip;]<\/p>\n","protected":false},"author":1,"featured_media":0,"parent":0,"menu_order":0,"comment_status":"closed","ping_status":"closed","template":"","meta":{"_et_pb_use_builder":"on","_et_pb_old_content":"<!-- wp:divi\/placeholder \/-->","_et_gb_content_width":"","footnotes":""},"class_list":["post-246","page","type-page","status-publish","hentry"],"_links":{"self":[{"href":"https:\/\/radiosantacruzfm.com\/index.php\/wp-json\/wp\/v2\/pages\/246","targetHints":{"allow":["GET"]}}],"collection":[{"href":"https:\/\/radiosantacruzfm.com\/index.php\/wp-json\/wp\/v2\/pages"}],"about":[{"href":"https:\/\/radiosantacruzfm.com\/index.php\/wp-json\/wp\/v2\/types\/page"}],"author":[{"embeddable":true,"href":"https:\/\/radiosantacruzfm.com\/index.php\/wp-json\/wp\/v2\/users\/1"}],"replies":[{"embeddable":true,"href":"https:\/\/radiosantacruzfm.com\/index.php\/wp-json\/wp\/v2\/comments?post=246"}],"version-history":[{"count":4,"href":"https:\/\/radiosantacruzfm.com\/index.php\/wp-json\/wp\/v2\/pages\/246\/revisions"}],"predecessor-version":[{"id":277,"href":"https:\/\/radiosantacruzfm.com\/index.php\/wp-json\/wp\/v2\/pages\/246\/revisions\/277"}],"wp:attachment":[{"href":"https:\/\/radiosantacruzfm.com\/index.php\/wp-json\/wp\/v2\/media?parent=246"}],"curies":[{"name":"wp","href":"https:\/\/api.w.org\/{rel}","templated":true}]}}

Compartición de Infraestructura

<p>[et_pb_section fb_built=»1&#8243; _builder_version=»4.8.2&#8243; _module_preset=»default»][et_pb_row _builder_version=»4.8.2&#8243; _module_preset=»default»][et_pb_column type=»4_4&#8243; _builder_version=»4.8.2&#8243; _module_preset=»default»][et_pb_text _builder_version=»4.8.2&#8243; _module_preset=»default»]</p>
<h1 style="text-align: center;">Compartición de infraestructura<br />Radio Santa Cruz Fm</h1>
<p>&nbsp;</p>
<p><strong>Según oficion Nro. ARCOTEL-CCON-2017-09 17 -OF/Quito, D.M.,16 de octubre de 2017</strong></p>
<p>Asunto: CDI – PUBLICACIÓN EN PÁGINA WEB DE CADA PRESTADOR DE SERVICIOS DEL RÉGIMEN GENERAL DE TELECOMUNICACIONES, SOBRE LAS OFERTAS BÁSICAS DE COMPARTICIÓN DE INFRAESTRUCTURA FÍSICA CONFORME LA RESOLUCIÓN ARCOTEL – 2017 – 0807.</p>
<p>Radio Santa Cruz 88.7FM cumple con los requerimientos, el costo de compartición de infraestructura es de USD 360,00 dólares americanos.</p>
<p>[/et_pb_text][/et_pb_column][/et_pb_row][et_pb_row _builder_version=»4.8.2&#8243; _module_preset=»default» column_structure=»1_3,1_3,1_3&#8243;][et_pb_column _builder_version=»4.8.2&#8243; _module_preset=»default» type=»1_3&#8243;][et_pb_image src=»https://radiosantacruzfm.com/wp-content/uploads/2021/03/estudios-radio-santa-cruz-fm.jpeg» _builder_version=»4.8.2&#8243; _module_preset=»default» title_text=»estudios radio santa cruz fm» align=»center» hover_enabled=»0&#8243; sticky_enabled=»0&#8243;][/et_pb_image][/et_pb_column][et_pb_column _builder_version=»4.8.2&#8243; _module_preset=»default» type=»1_3&#8243;][et_pb_image src=»https://radiosantacruzfm.com/wp-content/uploads/2021/03/antenas-radio-santa-cruz-fm.jpeg» _builder_version=»4.8.2&#8243; _module_preset=»default» title_text=»antenas radio santa cruz fm» align=»center» hover_enabled=»0&#8243; sticky_enabled=»0&#8243;][/et_pb_image][/et_pb_column][et_pb_column _builder_version=»4.8.2&#8243; _module_preset=»default» type=»1_3&#8243;][et_pb_image src=»https://radiosantacruzfm.com/wp-content/uploads/2021/03/estudio-2-radi-santa-cruz-fm.jpeg» _builder_version=»4.8.2&#8243; _module_preset=»default» title_text=»estudio 2 radi santa cruz fm» align=»center» hover_enabled=»0&#8243; sticky_enabled=»0&#8243;][/et_pb_image][/et_pb_column][/et_pb_row][/et_pb_section]</p>

<p>Compartición de infraestructuraRadio Santa Cruz Fm &nbsp; Según oficion Nro. ARCOTEL-CCON-2017-09 17 -OF/Quito, D.M.,16 de octubre de 2017 Asunto: CDI – PUBLICACIÓN EN PÁGINA WEB DE CADA PRESTADOR DE SERVICIOS DEL RÉGIMEN GENERAL DE TELECOMUNICACIONES, SOBRE LAS OFERTAS BÁSICAS DE COMPARTICIÓN DE INFRAESTRUCTURA FÍSICA CONFORME LA RESOLUCIÓN ARCOTEL – 2017 – 0807. Radio Santa Cruz [&hellip;]</p>
